4*m**2 + 5*m - 6. What is d(j)?
14
Let y(u) be the first derivative of -2*u**3/3 + 13*u - 295. Give y(6).
-59
Let b(y) = 2*y + 6. Let g(k) = 42*k + 111. Let i be g(-2). Let f be -32 - (2 - 0) - -1. Let d = i + f. What is b(d)?
-6
Let r(u) = -u - 2. Let s be r(7). Let n = s - -13. Suppose i - 2*i + 21 = n*y, 4*i = -2*y + 28. Let g(f) = -f**3 + 6*f**2 - 4*f - 4. Give g(y).
12
Let j(u) = -u - 5. Let l(d) = 1. Let w(q) = 2*j(q) + 4*l(q). Let x(s) = 4*s - 6*s + s + 0*s. Let i be x(5). What is w(i)?
4
Let m(d) = -3*d + d**2 - 2932 + 1432 + 1476. Calculate m(-5).
16
Let o(w) = 3*w + 4*w - 7*w + 1 - 9*w - 10*w. Calculate o(1).
-18
Suppose s - 79 = 5*n, -49 = -37*n + 40*n + s. Let a be (-7)/14 + (-8)/n. Let r(q) = -2*q - 2. What is r(a)?
-2
Let l be 124/9 + (-2)/(-9). Let w(m) = -9*m**2 + 19*m - 12. Let i(a) = 22*a**2 - 40*a + 22. Let o(c) = 2*i(c) + 5*w(c). Determine o(l).
-2
Let s(h) = h**2 - 9*h + 7. Let a(w) be the third derivative of w**4/24 - w**3/6 - 9*w**2 + 2*w. Let k(b) = -3*a(b) + s(b). What is k(9)?
-17
Let d(r) = r - 15. Let u be d(12). Let v(g) = 18*g**3 + g - 8*g**3 - 9*g**3 + 4*g**2 + 1 + 0 + 0. What is v(u)?
7
Suppose 6*f - f + 5 = 0. Let o(b) = 4850*b - 4850*b + 1 + 4 - 5 - 26*b**2. Determine o(f).
-26
Let h(y) = y**3 - 4130*y - 2*y**3 + 7*y**2 + 2061*y - 9 + 2066*y. Determine h(7).
-30
Let f(x) = -4*x**2 + 1901*x - 9 - 65*x**3 + 66*x**3 - 1903*x. What is f(5)?
6
Let m(p) = 3*p - 3*p - 85 - 19*p + 6*p + 17*p. Give m(24).
11
Let p(x) = 12*x**2 + 141*x + 489. Let d(k) = 2*k**2 + 23*k + 82. Let f(c) = -17*d(c) + 3*p(c). Calculate f(-14).
17
Let b(f) be the third derivative of f**5/60 + 13*f**4/24 - 3*f**3/2 + f**2. Suppose 225*w + 20 = 227*w, -84 = -2*g - 11*w. What is b(g)?
-9
Let y(h) = -h**2 + 12*h + 14. Suppose 3*u = -3, 2*u = 3*s + 16 - 153. Let m be (117/s)/(2/10). Give y(m).
1
Let q(o) = -o - 1. Let p = -8 + 1. Let d be q(p). Let a be d/((-21)/(-6) + -2). Let h(n) = n**2 - 3*n + 4. Determine h(a).
8
Let x(m) = -7*m + 144. Let d = 6966 + -6943. What is x(d)?
-17
Let g(q) = 60*q + 1 + 63*q + 68*q + 2*q**2 - 193*q. Suppose 0 = 5*w - 0*w + 50. Let t = 13 + w. Calculate g(t).
13
Let o(y) = 840*y - 1 + 971*y - 1813*y. Let f(b) = 3*b**2 + 3*b - 2. Let u(h) = 13*h**2 + 12*h - 8. Let g(z) = 9*f(z) - 2*u(z). Let a be g(-2). Calculate o(a).
7
Let l be 156/104*(-10)/(-3). Let h(g) = 3*g**2 - 3 + 3*g - l*g**2 + 3*g**2 + 7 - 2*g. Determine h(-3).
10
Let s(w) be the first derivative of -2*w**4 + w**3/3 - 2*w**2 + 2*w + 1222. Give s(1).
-9
Let z(i) = -22*i + 71. Let p(m) = -11*m + 32. Let w(d) = 13*p(d) - 6*z(d). Give w(6).
-76
Suppose -4*z + 14 = 2*w, 6 - 10 = z + 2*w. Let n(v) = -v**2 + 6*v + 1. Let h be n(5). Let r(i) = 5*i**2 + 11*i**3 - 9 + h*i + 2*i - 5*i**3 - 7*i**3. Give r(z).
3
Let b be (-39)/21 - (-12)/14. Let w(f) = -42*f - 1. Give w(b).
41
Let w(y) = -y**3 + 5*y**2 + 5*y + 6. Let j(x) = -x**2. Let a(o) = -j(o) - w(o). Suppose 3*z - 29 - 4 = 0. Suppose 0 = c - 5*c + 3*u + z, 9 = 3*u. Give a(c).
-6
Let y(d) = -d**3 - 4*d**2 + 6*d - 2. Let n be y(-5). Let k(x) = x**2 + 3*x - 3. Let q(c) = -8*c**2 - 29*c + 13. Let a(b) = -7*k(b) - q(b). Determine a(n).
1
Suppose -28 = -35*l + 16*l + 26*l. Let j be ((-2)/(-4))/(2/(-32)). Let q be l/j*(-1 + -1) - 3. Let z(a) = -a + 1. What is z(q)?
5
Let s = -48 + 53. Suppose -p + 13*o = 10*o - 8, 0 = -p - s*o - 16. Let u(m) be the third derivative of m**6/60 + m**5/30 - m**3/6 + m**2. What is u(p)?
-1
Suppose 4*r = -13 + 21. Let d(i) = 2*i**2 - 7*i - 3 + 3*i**2 + i**3 + 4*i**2 - 5*i**r. Suppose l + 13 = -3*z - 5, -3*l - 14 = z. What is d(z)?
7
Let u(p) = 29*p - 1. Let q(v) = -4*v - 2. Let h(a) = -5*q(a) - u(a). Give h(7).
-52
Suppose -2*r + 7*r = 20. Let b(i) = -9*i - 89. Let k be b(-15). Let h(y) = 0*y - 53 - y - k + 104 - y. What is h(r)?
-3
Let t(m) be the second derivative of -1/2*m**2 - 1/12*m**4 - m + 5/3*m**3 + 0. Suppose -8*n = 3*u - 59, 4*n + 2*u - 189 = -163. What is t(n)?
-1
Let o(i) = 15*i + 10. Suppose 5*v = 9 + 1. Let f(k) = -5*k - 3. Let x(n) = v*o(n) + 7*f(n). Let d be (-22)/(-253) - 88/(-46). Calculate x(d).
-11
Let z(m) = -m - 2. Let x(w) = 7*w - 5. Let q(s) = -x(s) + 2*z(s). Let f be q(1). Let r(a) = -2*a - 15. Calculate r(f).
1
Let h = -817 + 1191. Let s be (-6)/(-51) + (-4532)/h. Let x(u) = u**3 + 11*u**2 - 10*u + 27. Give x(s).
3
Let g(i) = -i**3 - 2*i**2 - 5. Let x(f) = -4*f**3 + 7*f**2 - 2*f + 12. Let u(c) = 3*g(c) + x(c). Give u(-1).
7
Let n(c) = -12*c**3 + c - 17*c**3 + 28*c**3 - 2 - c**2. Let j be n(0). Let w(v) be the third derivative of v**5/15 + v**4/8 + v**3/3 - 16*v**2. Determine w(j).
12
Let g(q) be the first derivative of q**5/20 + 7*q**4/12 - q**3/3 - 3*q**2/2 - 61*q - 117. Let u(v) be the first derivative of g(v). What is u(-7)?
11
Suppose 75 = 6*j + 27. Let z be 3/(-12)*-2*j - -2. Let f(r) be the second derivative of r**3/6 - 3*r**2/2 - 4*r. Determine f(z).
3
Let i(r) = -r**3 - 16*r**2 - 15*r + 13. Let d(y) = -y**3 - 15*y**2 - 14*y + 12. Let z(s) = 11*d(s) - 10*i(s). Let w be 1*3*16/(-24). Give z(w).
-2
Let y(p) = -45*p**3 + 41*p**3 + p**2 + 0*p + 0*p. Let h be y(-1). Let m(d) = h - 8*d + 16*d**3 - 2 - 6*d**2 - 15*d**3. Give m(7).
-4
Let o(u) = -43*u + 14*u + 35*u + 3. What is o(-2)?
-9
Let m = 26283 - 26263. Let p(y) = y**3 - 21*y**2 + 20*y - 2. What is p(m)?
-2
Let z(o) be the third derivative of -o**6/60 + 5*o**4/24 - 2*o**3/3 - 2250*o**2. What is z(-3)?
35
Let z = 36 + -39. Let s be (2*-6)/z + 28. Let t be (s/(-56))/(2/(-14)). Let j(i) = i - 1. Give j(t).
3
Let l(t) be the first derivative of t**3/3 + t**2/2 - 119*t + 2496. Determine l(-12).
13
Let r(d) = -5 + 5*d + 3*d + 4*d**2 - 5*d**2. Let o(l) = l**3 + 15*l**2 + 99*l + 251. Let a be o(-5). Determine r(a).
7
Let p(m) = -24*m - 31*m - 9*m - 19 + 7*m**2 - 24 + 35. Determine p(9).
-17
Let d(u) = -90 - 88 - 90 - 3*u + 4*u + 280. What is d(-16)?
-4
Let r(o) be the first derivative of -o**4/4 - 16*o**3/3 + 11*o**2 + 21*o - 8277. Determine r(-17).
-64
Let q(o) = -6*o**3 + 15*o**2 - 9*o - 12. Let m(v) = 7*v**3 - 16*v**2 + 8*v + 15. Let r(s) = 5*m(s) + 6*q(s). Give r(8).
19
Suppose 172*y - 195*y = 0. Suppose -2*b + 3*k + 44 = y, 4*k + 6 + 42 = 2*b. Let m(s) = s - 34. Give m(b).
-18
Let f(z) = -5*z - 3. Let o(j) = 6*j - 14. Let p(k) = -12*k + 29. Let b(i) = 5*o(i) + 3*p(i). Let h be b(16). Let u = 77 + h. Give f(u).
7
Let z(v) be the third derivative of -v**6/720 - v**5/60 + 11*v**4/24 + v**3/3 + 39*v**2. Let w(k) be the second derivative of z(k). Give w(-4).
2
Let g(p) = p**3 + 19*p**2 + 51*p + 52. Let o be g(-16). Let b(i) = -6*i**2 + 12*i - 17. Determine b(o).
-65
Suppose 35*g - 74*g + 40*g = 0. Let q(d) = -d**3 - d**2 + d - 29. Calculate q(g).
-29
Suppose -25*o = -14 + 414. Let z(m) = -m**2 - 21*m - 71. Calculate z(o).
9
Let o = 12368 - 12363. Let c(y) = 2*y**3 - 6*y**2 + y - 2. Give c(o).
103
Let b(q) = 2*q**2 - 16*q. Let f(p) = 2*p**2 - 2*p - 16. Let d be f(-3). Let h be b(d). Let c(k) = k**3 - k**2 - k - 6. What is c(h)?
-6
Let l(o) = 307*o + 306*o + 301*o + 3*o**3 - 1 + 308*o + 3*o**2 - 1226*o. Give l(-2).
-5
Let h(l) be the second derivative of -l**8/6720 - l**7/2520 - l**5/30 - 7*l**4/3 + l**3/6 - 27*l. Let y(u) be the third derivative of h(u). What is y(0)?
-4
Let m(t) = -t**2 - 7*t + 2. Let n be 1/(-2)*(-24)/6. Let s(r) = 17 + 22*r - 12*r**n - 2 + 13*r**2. Let q be s(-21). Give m(q).
8
Let a(o) = 3*o - 38 - 1 - 2 - 1 - 19. Determine a(18).
-7
Let a(k) be the first derivative of 27*k**2/2 - 194*k - 4049. Calculate a(7).
-5
Let l(m) = -7 - 3*m - 2*m - m**2 - 6*m**2 - 9*m**2. Let v(a) = -8*a**2 - 2*a - 3. Let r(y) = -3*l(y) + 7*v(y). Let h be (-7)/(-4) + (-12)/16. Calculate r(h).
-7
Let h(t) = 5*t**2 - 117*t - 30. Let x(w) = -9*w**2 + 200*w + 60. Let k(i) = 7*h(i) + 4*x(i). What is k(-17)?
64
Let k = 37 + -32. Let h(s) = -5*s - 13. Let t(b) = 8*b + 26. Let z(q) = k*h(q) + 3*t(q). Give z(7).
6
Let z(b) = 6*b - 3. Suppose 0 = 2*l - 9 + 5. Suppose 4*t = l*v + 4, 1 = 4*t - v - 5. Let k be ((-6)/t)/(4 + -5). Give z(k).
15
Let v = 8809 + -8819. Suppose 2*t = 5*q + 26, t + 3*q - 5*q - 11 = 0. Let y(w) = 2*w + 4 + 4 - t + 1. What is y(v)?
-14
Suppose 5*x - 2*r = -7*r + 10, 3 = 3*x + 4*r. Suppose u + 2*d + 2 = 0, x*d + 0*d = 10. Let c(z) = -z**3 - 5*z**2 + 6*z + 5. Determine c(u).
5
Let p(t) = -t**3 - 6*t**2 + 5. Let 